{"id":747,"date":"2018-12-18T16:19:04","date_gmt":"2018-12-18T15:19:04","guid":{"rendered":"https:\/\/klausbaum.be\/?page_id=747"},"modified":"2018-12-18T16:22:47","modified_gmt":"2018-12-18T15:22:47","slug":"geschichte","status":"publish","type":"page","link":"https:\/\/klausbaum.be\/de\/geschichte\/","title":{"rendered":"Geschichte"},"content":{"rendered":"<h2 class=\"p1\">\u201cWir leben Geschichte und Zukunft gleichzeitig.\u201d<\/h2>\n<p>Bereits seit Jugendzeit und bedingt durch das Viehtransportunternehmen seines Vaters, Adolf Baum, hegte Klaus Baum nach erfolgreicher Berufsausbildung zum Maschinenschlosser den Wunsch sein eigenes Transportunternehmen zu gru\u0308nden. Im Anschluss an seine Milit\u00e4rdienstzeit legte er die Betriebsfu\u0308hrungspru\u0308fung erfolgreich ab.<\/p>\n<p>1981 begann er als junger Fahrer im Eupener Traditionsbetrieb Rom und gru\u0308ndete schlie\u00dflich 1984 das Unternehmen \u201eInternationale Transporte Klaus Baum\u201c um als selbst\u00e4ndiger Fahrer in der Firma Frans Maas wertvolle Berufserfahrung zu gewinnen. Es folgten im Jahr 1986 die ersten Bauvorhaben am heutigen Betriebsstandort. Dieser kennt seitdem st\u00e4ndig bedeutende Erweiterungen und Verbesserungen der gesamten Infrastruktur.<\/p>\n<p>2010 trat Andy Baum nach erfolgreicher Ausbildung zum Speditionskaufmann in externen Betrieben ebenfalls in das Familienunternehmen ein. Gemeinsam haben Klaus und Andy Baum 2012 die Betriebserweiterung nach Luxemburg beschlossen, um die bew\u00e4hrte Qualit\u00e4t ihres Traditionsbetriebs auch zuku\u0308nftig zu gew\u00e4hren.<\/p>\n<p>2015 wurde der Fuhrpark von 11 auf 21 eigene Sattelzu\u0308ge erh\u00f6ht und durch die hieraus entstandene Mehrarbeit wurde beschlossen, neues Personal einzustellen. 2017 hat Andy Baum erfolgreich die Weiterbildung zum ADR Beauftragten abgeschlossen. Seit Mitte 2017 verfu\u0308gt das Unternehmen u\u0308ber einen eigenen Reifendienst mit Servicefahrzeug, welches im Umkreis von 300 km zum Einsatz kommt.<\/p>\n<p>Neue Wege brauchen auch ein neues Logo. So wurde Anfang 2018 das Logo durch CLOTH kreativbureau erneuert. Moderner, zeitgem\u00e4\u00dfer und st\u00e4rker kommt das neue Logo ru\u0308ber. Die Bildmarke symbolisiert nicht nur ein Tacho, sondern auch, zeitgenaue Arbeit nach Plan. Der Name ist geblieben &#8211; Tradition wurde mit Moderne verbunden. 2018 wurde der Fuhrpark erneut um 6 Fahrzeuge erweitert.<\/p>\n<p>Das Ziel ist bis Ende 2018 unseren stolzen Fuhrpark um einige Fahrzeuge zu erweitern. Entwicklung durch neue Fahrzeuge und Angestellte bedeuten gleichzeitig auch immer neue Herausforderungen und Anspru\u0308che. Deswegen wird 2018 ein Mitarbeiter zum Sicherheitsbeauftragten ausgebildet.<\/p>\n<p>Voraussichtlich im Fru\u0308hjahr 2019 kann am Eupener Standort eine neue Lagerhalle in Betrieb genommen werden. Diese verfu\u0308gt dann u\u0308ber 2000m\u00b2 u\u0308berdachte Lagerfl\u00e4che und die neuesten Standards auf einem gesicherten Gel\u00e4nde. Bei Abschluss der Arbeiten werden unserem Fuhrpark eine eigene Tankstelle sowie ein Truck-Wash zur Verfu\u0308gung stehen.<\/p>\n","protected":false},"excerpt":{"rendered":"\u201cWir leben Geschichte und Zukunft gleichzeitig.\u201d Bereits seit Jugendzeit und bedingt durch das Viehtransportunternehmen seines Vaters, Adolf Baum, hegte Klaus Baum nach erfolgreicher Berufsausbildung zum Maschinenschlosser den Wunsch sein eigenes Transportunternehmen zu gru\u0308nden. Im Anschluss an seine Milit\u00e4rdienstzeit legte er die Betriebsfu\u0308hrungspru\u0308fung erfolgreich ab. 1981 begann er als junger Fahrer im Eupener Traditionsbetrieb Rom und&#8230; <a class=\"view-article\" href=\"https:\/\/klausbaum.be\/de\/geschichte\/\">Artikel ansehen<\/a>","protected":false},"author":1,"featured_media":0,"parent":0,"menu_order":0,"comment_status":"closed","ping_status":"closed","template":"artikel.php","meta":{"_acf_changed":false,"footnotes":""},"class_list":["post-747","page","type-page","status-publish","hentry"],"acf":[],"_links":{"self":[{"href":"https:\/\/klausbaum.be\/de\/wp-json\/wp\/v2\/pages\/747","targetHints":{"allow":["GET"]}}],"collection":[{"href":"https:\/\/klausbaum.be\/de\/wp-json\/wp\/v2\/pages"}],"about":[{"href":"https:\/\/klausbaum.be\/de\/wp-json\/wp\/v2\/types\/page"}],"author":[{"embeddable":true,"href":"https:\/\/klausbaum.be\/de\/wp-json\/wp\/v2\/users\/1"}],"replies":[{"embeddable":true,"href":"https:\/\/klausbaum.be\/de\/wp-json\/wp\/v2\/comments?post=747"}],"version-history":[{"count":3,"href":"https:\/\/klausbaum.be\/de\/wp-json\/wp\/v2\/pages\/747\/revisions"}],"predecessor-version":[{"id":750,"href":"https:\/\/klausbaum.be\/de\/wp-json\/wp\/v2\/pages\/747\/revisions\/750"}],"wp:attachment":[{"href":"https:\/\/klausbaum.be\/de\/wp-json\/wp\/v2\/media?parent=747"}],"curies":[{"name":"wp","href":"https:\/\/api.w.org\/{rel}","templated":true}]}}

<h2 class="p1">“Wir leben Geschichte und Zukunft gleichzeitig.”</h2>
<p>Bereits seit Jugendzeit und bedingt durch das Viehtransportunternehmen seines Vaters, Adolf Baum, hegte Klaus Baum nach erfolgreicher Berufsausbildung zum Maschinenschlosser den Wunsch sein eigenes Transportunternehmen zu gründen. Im Anschluss an seine Militärdienstzeit legte er die Betriebsführungsprüfung erfolgreich ab.</p>
<p>1981 begann er als junger Fahrer im Eupener Traditionsbetrieb Rom und gründete schließlich 1984 das Unternehmen „Internationale Transporte Klaus Baum“ um als selbständiger Fahrer in der Firma Frans Maas wertvolle Berufserfahrung zu gewinnen. Es folgten im Jahr 1986 die ersten Bauvorhaben am heutigen Betriebsstandort. Dieser kennt seitdem ständig bedeutende Erweiterungen und Verbesserungen der gesamten Infrastruktur.</p>
<p>2010 trat Andy Baum nach erfolgreicher Ausbildung zum Speditionskaufmann in externen Betrieben ebenfalls in das Familienunternehmen ein. Gemeinsam haben Klaus und Andy Baum 2012 die Betriebserweiterung nach Luxemburg beschlossen, um die bewährte Qualität ihres Traditionsbetriebs auch zukünftig zu gewähren.</p>
<p>2015 wurde der Fuhrpark von 11 auf 21 eigene Sattelzüge erhöht und durch die hieraus entstandene Mehrarbeit wurde beschlossen, neues Personal einzustellen. 2017 hat Andy Baum erfolgreich die Weiterbildung zum ADR Beauftragten abgeschlossen. Seit Mitte 2017 verfügt das Unternehmen über einen eigenen Reifendienst mit Servicefahrzeug, welches im Umkreis von 300 km zum Einsatz kommt.</p>
<p>Neue Wege brauchen auch ein neues Logo. So wurde Anfang 2018 das Logo durch CLOTH kreativbureau erneuert. Moderner, zeitgemäßer und stärker kommt das neue Logo rüber. Die Bildmarke symbolisiert nicht nur ein Tacho, sondern auch, zeitgenaue Arbeit nach Plan. Der Name ist geblieben &#8211; Tradition wurde mit Moderne verbunden. 2018 wurde der Fuhrpark erneut um 6 Fahrzeuge erweitert.</p>
<p>Das Ziel ist bis Ende 2018 unseren stolzen Fuhrpark um einige Fahrzeuge zu erweitern. Entwicklung durch neue Fahrzeuge und Angestellte bedeuten gleichzeitig auch immer neue Herausforderungen und Ansprüche. Deswegen wird 2018 ein Mitarbeiter zum Sicherheitsbeauftragten ausgebildet.</p>
<p>Voraussichtlich im Frühjahr 2019 kann am Eupener Standort eine neue Lagerhalle in Betrieb genommen werden. Diese verfügt dann über 2000m² überdachte Lagerfläche und die neuesten Standards auf einem gesicherten Gelände. Bei Abschluss der Arbeiten werden unserem Fuhrpark eine eigene Tankstelle sowie ein Truck-Wash zur Verfügung stehen.</p>

“Wir leben Geschichte und Zukunft gleichzeitig.” Bereits seit Jugendzeit und bedingt durch das Viehtransportunternehmen seines Vaters, Adolf Baum, hegte Klaus Baum nach erfolgreicher Berufsausbildung zum Maschinenschlosser den Wunsch sein eigenes Transportunternehmen zu gründen. Im Anschluss an seine Militärdienstzeit legte er die Betriebsführungsprüfung erfolgreich ab. 1981 begann er als junger Fahrer im Eupener Traditionsbetrieb Rom und&#8230; <a class="view-article" href="https://klausbaum.be/de/geschichte/">Artikel ansehen</a>
